3.
49
Calculate the remainder when 65554 is divided by 13109.
9
What is the remainder when 49785 is divided by 461?
458
What is the remainder when 1952 is divided by 383?
37
Calculate the remainder when 2739 is divided by 902.
33
What is the remainder when 7850 is divided by 2464?
458
What is the remainder when 4055 is divided by 1081?
812
What is the remainder when 4656 is divided by 213?
183
Calculate the remainder when 33126 is divided by 215.
16
Calculate the remainder when 1635 is divided by 1357.
278
What is the remainder when 672 is divided by 207?
51
Calculate the remainder when 3151 is divided by 1043.
22
What is the remainder when 1278 is divided by 26?
4
Calculate the remainder when 13489 is divided by 122.
69
What is the remainder when 21176 is divided by 33?
23
Calculate the remainder when 820285 is divided by 369.
367
Calculate the remainder when 2851 is divided by 925.
76
What is the remainder when 2303 is divided by 772?
759
Calculate the remainder when 1510 is divided by 701.
108
Calculate the remainder when 155646 is divided by 55.
51
Calculate the remainder when 652 is divided by 31.
1
What is the remainder when 23090 is divided by 251?
249
What is the remainder when 42826 is divided by 1689?
601
What is the remainder when 57206 is divided by 122?
110
Calculate the remainder when 1624 is divided by 539.
7
Calculate the remainder when 25099 is divided by 4086.
583
What is the remainder when 20368 is divided by 21?
19
What is the remainder when 1495 is divided by 103?
53
Calculate the remainder when 26311 is divided by 118.
115
Calculate the remainder when 3559 is divided by 355.
9
Calculate the remainder when 17310 is divided by 5685.
255
Calculate the remainder when 41140 is divided by 13701.
37
Calculate the remainder when 462548 is divided by 528.
20
What is the remainder when 42721 is divided by 521?
520
What is the remainder when 11169 is divided by 98?
95
What is the remainder when 79709 is divided by 2?
1
Calculate the remainder when 211377 is divided by 165.
12
Calculate the remainder when 169915 is divided by 446.
435
Calculate the remainder when 2490 is divided by 30.
0
Calculate the remainder when 418785 is divided by 4273.
31
Calculate the remainder when 1029 is divided by 645.
384
Calculate the remainder when 6362 is divided by 18.
8
What is the remainder when 163357 is divided by 32669?
12
Calculate the remainder when 4132 is divided by 35.
2
Calculate the remainder when 4573 is divided by 209.
184
What is the remainder when 1078 is divided by 248?
86
What is the remainder when 3938 is divided by 429?
77
What is the remainder when 12321 is divided by 12313?
8
Calculate the remainder when 165357 is divided by 93.
3
What is the remainder when 245513 is divided by 29?
28
What is the remainder when 17359 is divided by 386?
375
Calculate the remainder when 1502040 is divided by 163.
158
Calculate the remainder when 969 is divided by 32.
9
What is the remainder when 61271 is divided by 12?
11
Calculate the remainder when 363 is divided by 281.
82
What is the remainder when 66478 is divided by 66461?
17
What is the remainder when 41663 is divided by 5207?
7
Calculate the remainder when 43669 is divided by 251.
246
Calculate the remainder when 21318 is divided by 497.
444
What is the remainder when 50662 is divided by 25?
12
Calculate the remainder when 17573 is divided by 130.
23
Calculate the remainder when 274453 is divided by 26.
23
What is the remainder when 9470 is divided by 305?
15
Calculate the remainder when 50155 is divided by 57.
52
Calculate the remainder when 1320 is divided by 169.
137
What is the remainder when 113870 is divided by 145?
45
Calculate the remainder when 499386 is divided by 408.
402
What is the remainder when 5625 is divided by 40?
25
Calculate the remainder when 126086 is divided by 63036.
14
What is the remainder when 89927 is divided by 29?
27
Calculate the remainder when 193043 is divided by 95.
3
What is the remainder when 3639 is divided by 1748?
143
What is the remainder when 125643 is divided by 62812?
19
What is the remainder when 95789 is divided by 12?
5
Calculate the remainder when 2532 is divided by 95.
62
Calculate the remainder when 6464 is divided by 1291.
9
What is the remainder when 32935 is divided by 90?
85
Calculate the remainder when 9896 is divided by 1973.
31
What is the remainder when 4163 is divided by 1222?
497
What is the remainder when 15046 is divided by 101?
98
What is the remainder when 16687 is divided by 107?
102
What is the remainder when 27166 is divided by 468?
22
What is the remainder when 109773 is divided by 5227?
6
Calculate the remainder when 7114 is divided by 888.
10
What is the remainder when 5725 is divided by 1906?
7
Calculate the remainder when 86582 is divided by 378.
20
What is the remainder when 116010 is divided by 23?
21
What is the remainder when 193 is divided by 168?
25
What is the remainder when 3916 is divided by 1792?
332
Calculate the remainder when 13592 is divided by 47.
9
What is the remainder when 17785 is divided by 5909?
58
What is the remainder when 444 is divided by 440?
4
Calculate the remainder when 67887 is divided by 114.
57
Calculate the remainder when 626883 is divided by 125375.
8
What is the remainder when 587849 is divided by 1046?
1043
What is the remainder when 27714 is divided by 933?
657
What is the remainder when 72254 is divided by 36032?
190
What is the remainder when 569 is divided by 494?
75
Calculate the remainder when 27223 is divided by 99.
97
What is the remainder when 11971 is divided by 184?
11
Calculate the remainder when 42552 is divided by 803.
796
What is the remainder when 69655 is divided by 430?
425
Calculate the remainder when 320326 is divided by 11.
6
Calculate the remainder when 40934 is divided by 167.
19
What is the remainder when 2230 is divided by 1044?
142
Calculate the remainder when 152953 is divided by 607.
596
What is the remainder when 25428 is divided by 12693?
42
What is the remainder when 63889 is divided by 13?
7
Calculate the remainder when 7085 is divided by 103.
81
Calculate the remainder when 151637 is divided by 226.
217
What is the remainder when 2076 is divided by 409?
31
What is the remainder when 32388 is divided by 531?
528
What is the remainder when 6495 is divided by 99?
60
What is the remainder when 4911 is divided by 27?
24
Calculate the remainder when 384368 is divided by 266.
264
What is the remainder when 107609 is divided by 236?
229
What is the remainder when 117636 is divided by 40?
36
What is the remainder when 608 is divided by 16?
0
Calculate the remainder when 1167 is divided by 26.
23
What is the remainder when 38583 is divided by 19291?
1
What is the remainder when 16873 is divided by 16863?
10
What is the remainder when 9097 is divided by 62?
45
Calculate the remainder when 26706 is divided by 857.
139
Calculate the remainder when 14425 is divided by 568.
225
What is the remainder when 546 is divided by 524?
22
What is the remainder when 4611 is divided by 462?
453
What is the remainder when 36489 is divided by 197?
44
What is the remainder when 31804 is divided by 32?
28
Calculate the remainder when 14722 is divided by 7348.
26
Calculate the remainder when 341 is divided by 113.
2
Calculate the remainder when 588 is divided by 532.
56
Calculate the remainder when 1502 is divided by 251.
247
What is the remainder when 6130 is divided by 3019?
92
What is the remainder when 792 is divided by 134?
122
Calculate the remainder when 511136 is divided by 70.
66
What is the remainder when 28109 is divided by 416?
237
What is the remainder when 28642 is divided by 17?
14
Calculate the remainder when 104851 is divided by 5825.
1
Calculate the remainder when 4797 is divided by 40.
37
What is the remainder when 6925 is divided by 136?
125
Calculate the remainder when 5235 is divided by 470.
65
What is the remainder when 280885 is divided by 749?
10
Calculate the remainder when 3722 is divided by 133.
131
Calculate the remainder when 83257 is divided by 694.
671
What is the remainder when 2987 is divided by 120?
107
Calculate the remainder when 156718 is divided by 314.
32
What is the remainder when 135266 is divided by 162?
158
What is the remainder when 